der when g is divided by 90?
82
Calculate the remainder when 128 is divided by (-58)/(-145)*(2 - -33).
2
Let d be 7 + 1 - (-367 + 50). Let x = 534 - d. Calculate the remainder when x is divided by 6.
5
Let k = 1812 + -1254. Suppose -k = -4*x - 5*x. Let z(u) = -u**2 - 10*u - 8. What is the remainder when x is divided by z(-7)?
10
Let b(h) be the third derivative of 5*h**4/24 + 365*h**3/6 + 6*h**2 + 7*h. What is the remainder when b(0) is divided by 23?
20
Suppose 0 = i - 6*i - 5*m + 60, -5*i + m + 42 = 0. Let o = -1 + i. What is the remainder when 31 is divided by o?
7
Let m(u) = 4*u**2 - 3*u - 97. Calculate the remainder when m(12) is divided by 148.
147
Suppose -32*u - 1397 = -1493. What is the remainder when (-250)/(-6) - (-1)/3 is divided by u?
0
Suppose 9*u = 3*u - 5*u. Suppose u = 4*z - 31 - 25. What is the remainder when 54 is divided by z?
12
Suppose 3*k - 149 = -3*x + 184, 0 = 4*x + 20. What is the remainder when 212 is divided by k?
96
Let i(n) = 167*n**2 + 97 + 0*n**3 - 2*n**3 - 49*n - 70*n**2 + 68 - 88. Let c = -138 + 220. Calculate the remainder when c is divided by i(48).
24
Let l = -1719 + 2215. Calculate the remainder when l is divided by 41.
4
Suppose 0 = -27*f + 11689 + 1325. Let o = 495 - f. What is the remainder when o is divided by 4?
1
Let p = 21581 + -21332. What is the remainder when p is divided by 1 - -22 - (2 + 0)?
18
Let d = -87 + 112. Let s = -25 - -41. Calculate the remainder when d is divided by (-3)/12 - (-180)/s.
3
Let u = -675 + 956. Suppose 0 = -3*b - 2 + u. Suppose 5*g - 38 - 32 = 5*z, z + 30 = 2*g. Calculate the remainder when b is divided by g.
13
Suppose 25737 = 112*b - 43*b. Calculate the remainder when 1138 is divided by b.
19
Suppose 6 = y - 14. Let b be 2/6 + (-140)/(-12). Suppose -9*m + 1617 = b*m. Calculate the remainder when m is divided by y.
17
Suppose 5*z - 163 = 422. Suppose -2*n - 15*h + 184 = 0, 4*n - 63*h - 88 = -65*h. Calculate the remainder when z is divided by n.
15
Let q be -3 + 3 + 3 + -18. Let c be (-20)/8*24/q. Calculate the remainder when 19 is divided by (-7)/(105/10)*(-42)/c.
5
Let h = 155 - 135. Suppose 2*f - 5*c = 70 - h, 25 = f + 3*c. What is the remainder when 170 is divided by f?
20
Suppose -12*d + 147 = -333. Let g(c) = 4*c**2 - 5*c - 6. What is the remainder when g(-5) is divided by d?
39
Let k = 1228 + -1172. Calculate the remainder when 2406 is divided by k.
54
Suppose -7*h - 4*h = 1133. Let n = 151 + h. What is the remainder when n is divided by 17?
14
Let o = 6437 + -6224. Calculate the remainder when o is divided by 101.
11
Let m(g) be the third derivative of -11*g**4/24 - g**3/2 - 5*g**2. Suppose 43*k - 36*k + 35 = 0. What is the remainder when m(k) is divided by 14?
10
Let g = -46 - -34. Let m be (-54)/(-4)*(320/g)/(-10). What is the remainder when (m/(-14))/(6/(-56)) - 4 is divided by 7?
6
Let n(u) = -u - 6. Let v be n(-11). Calculate the remainder when (-12)/20*(-65)/26 - (-105)/2 is divided by (3*v - 1)/1.
12
Suppose 3*y = p - 32, -2 = -4*p + 6. What is the remainder when 77 is divided by -48*((-45)/y + -5)?
5
Suppose -3*a = k - 327, 0 = 2*a + 2*a - 5*k - 436. Suppose 11 = -2*g + a. Let s = 64 - g. Calculate the remainder when 42 is divided by s.
12
Let d(r) = 34*r**2 - 1. Let z(b) = b**2 + 11*b - 1. Let h be z(-11). Calculate the remainder when d(h) is divided by (6 + 2)*1 + -1.
5
Suppose -521 = -3*j + 4*s, 6*s + 192 = j + s. Suppose -846*n + h - 35 = -850*n, -15 = -3*n - 3*h. Calculate the remainder when j is divided by n.
7
Let z = 18119 - 8736. What is the remainder when z is divided by 136?
135
Let y(j) = 2*j**2 + 36*j - 3. Let x be y(-18). Calculate the remainder when (5*2 - 1)*3 is divided by (x - 69/(-18)) + (-1274)/(-84).
11
Let b be 2 - (-4 - -3 - 1). Suppose b*a + 15 = 3*x, -a + 3*a = x - 7. Suppose -g + 10 = h - x, -24 = -2*g - 3*h. What is the remainder when 17 is divided by g?
8
Suppose 0 = -2*n + 2*o + 700, 5*o = 3*n + o - 1051. Suppose 5052*a = 5034*a + 702. Calculate the remainder when n is divided by a.
37
Suppose -28*l + 83*l - 72861 = -54*l - 65994. Suppose -h + 16 + 24 = -4*o, 3*h = 5*o + 141. Calculate the remainder when l is divided by h.
11
Let o = 3513 - 3081. What is the remainder when o is divided by 9?
0
Let l(p) = p**3 - 5*p**2 - 6*p + 6. Suppose -2*r = -v - 23, -r + 5*r - 16 = 0. Let k be (-28)/(-5) + (-6)/v. What is the remainder when 28 is divided by l(k)?
4
Let t(h) = h**2 + 8*h + 8. Calculate the remainder when -6 + (-200)/(-32) - (-11991)/84 is divided by t(-8).
7
Let t(k) = -2*k + 3. Let v be (-11 - -5)*1 + 1. Calculate the remainder when 37 is divided by t(v).
11
Let n = -26 + 43. Suppose 17*c + 2*c + 138 - 252 = 0. What is the remainder when n is divided by c?
5
Let q = -4 - -6. Suppose 0 = q*t - 6*t + 204. Let i(w) = -69*w - 4734. Calculate the remainder when t is divided by i(-69).
24
Suppose 3*q - 740 = -2*q. Suppose -5*d + 4*g + 182 = -206, 2*d - q = 4*g. What is the remainder when 65 is divided by 10/(-4) - -1 - (-1800)/d?
2
Let f be (-3 + 1)/(-4) - (-1422)/(-4). Let o = 435 + f. What is the remainder when o is divided by 37?
6
Let n(y) = -y**3 - 6*y**2 + y + 8. Let f(v) = 2*v**2 + 44*v + 79. Let p be f(-11). Let j = p - -165. What is the remainder when n(-6) is divided by j?
0
Suppose 71*f + 27 = 5*k + 69*f, 5*k + f = 39. Let x = 149 + -124. Calculate the remainder when x is divided by k.
4
Suppose 0 = -5*u + y + 1811, -2*u - 2*y = -847 + 149. Calculate the remainder when u is divided by 163/5 - (-2)/5.
30
Let k be 3 + -3 + 4 + 80. What is the remainder when 60 is divided by (8/(-10))/(k/(-4410))?
18
Let y = 800 - -381. Calculate the remainder when y is divided by 37.
34
Let y = -594 - -589. Calculate the remainder when 55*-1*(4 + y) is divided by 4.
3
Let l(r) = r**3 - r**2 + r + 9. Let p be l(0). Suppose 0 = -5*g + p + 51. Suppose 696 = 51*i - 345 - 387. Calculate the remainder when i is divided by g.
4
Let h be ((-4)/(-1))/(25 + -23). Suppose -9*x = h*x - 440. What is the remainder when 131 is divided by x?
11
Let q(d) = d + 5. Let m be q(-13). Let v = m + 12. Suppose -v*c + 159 = 5*r - 108, 0 = 4*c - 3*r - 307. What is the remainder when c is divided by 25?
23
Let h(n) = 2*n**3 + 27*n**2 - 6*n + 121. What is the remainder when 4525 is divided by h(-14)?
7
Let p = 26 - 24. Suppose -r = -p*o - 99 + 30, -4*r + 251 = -3*o. Calculate the remainder when 47 is divided by (-5 - 31/(-6)) + r/6.
7
Calculate the remainder when 39254/19 + (-3 - -9) is divided by 40.
32
Let j(k) = -5*k**2 - 30*k - 10. Let g be j(-4). Calculate the remainder when 77 is divided by g/(-4*(-6)/32).
37
Let g = -259 + 264. What is the remainder when 60 is divided by (11/3)/(g/45)?
27
Let v = -43 - -55. Suppose v*r - 12 = -0*r. Let g(x) = -x**3 + 3*x**2 + x + 2. What is the remainder when g(3) is divided by r?
0
Let i(r) = -6*r**3 + 6*r**2 + 28*r + 16. Let m be i(-6). What is the remainder when m/6 - (-114)/(-171) is divided by 59?
49
Let b = 283 + -231. What is the remainder when 2/(-4) - -4*826/16 is divided by b?
50
Let l(g) = -g**3 + 14*g**2 - 18*g - 49. Calculate the remainder when l(11) is divided by 44.
28
What is the remainder when ((-17)/(-16 - 1))/(2/(-1 + 183)) is divided by 23?
22
Let j(h) = h**2 + 3*h - 13. Let p be j(-6). Suppose -7*z + p*z = -28. Calculate the remainder when 79 is divided by (90/21)/(3/z).
19
Let i(a) = -10*a**2 - 2*a + 13*a**2 - 2*a**2 - 32. What is the remainder when 42 is divided by i(-6)?
10
Suppose 186*u = 41*u + 8990. Calculate the remainder when 77 is divided by u.
15
Suppose -4*r - 20 = -28. Suppose -n - 2 = 2*g + r, -3*n - 3*g - 3 = 0. What is the remainder when 2 - (-21 + n + -3 + 2) is divided by 12?
10
Let i(j) = 3*j**2 - 13*j + 19. Let m be i(2). Suppose -478 = -3*y + s, 2*y - 300 = s - m*s. Calculate the remainder when y is divided by 20.
18
Let r = -187 + 235. Suppose 212 + r = 5*z. Calculate the remainder when z is divided by 65/7 - (-2)/(-7).
7
Let c(f) = f**2 + 61*f + 281. Calculate the remainder when 1058 is divided by c(-57).
51
Suppose -53*o + 255 = -624 - 75. What is the remainder when 3319 is divided by o?
7
Suppose -5*o = c + 27, -9*c + 4*c = -2*o + 216. Let z(d) = 2*d**3 + 85*d**2 + 41*d + 75. What is the remainder when z(c) is divided by 7?
5
Let f = 3010 - 2374. What is the remainder when f i